
In base 8, what is 4 - 6633?
-6627
In base 4, what is -3 + -20113?
-20122
In base 2, what is 0 + 1001010?
1001010
In base 16, what is -2 - 3a?
-3c
In base 6, what is -235 + 3?
-232
In base 4, what is -110 + 221?
111
In base 12, what is 1 - 57?
-56
In base 6, what is 2 - 133?
-131
In base 9, what is -10 - -12?
2
In base 11, what is -2752 - 4?
-2756
In base 7, what is -3 - -31?
25
In base 13, what is 8 + 8b?
96
In base 5, what is 4 - 3143?
-3134
In base 13, what is -932 + 0?
-932
In base 5, what is -24 - 1?
-30
In base 15, what is 27a - 2?
278
In base 15, what is -a - -73?
68
In base 14, what is -5 - -27bd?
27b8
In base 11, what is 725 + -4?
721
In base 9, what is 2 - 24?
-22
In base 10, what is -2 - 10?
-12
In base 3, what is -10 + 110?
100
In base 5, what is 2 + -42?
-40
In base 16, what is 5 - a82?
-a7d
In base 16, what is 1d - -55?
72
In base 4, what is -230 - -20323?
20033
In base 7, what is -1013 - -15?
-665
In base 2, what is 1101 - -1110000100?
1110010001
In base 6, what is 5 + 151?
200
In base 11, what is -1 + -50a5?
-50a6
In base 15, what is 5 - -1e8?
1ed
In base 14, what is -14 + 9?
-9
In base 8, what is 11 - -413?
424
In base 5, what is -34 - 120?
-204
In base 15, what is 0 - -7?
7
In base 16, what is 2c9 - -6?
2cf
In base 16, what is 4 - dc?
-d8
In base 15, what is -239 + -2?
-23b
In base 15, what is 7 + -75?
-6d
In base 7, what is 2355 - 4?
2351
In base 12, what is -2 - -18?
16
In base 14, what is -c2 - -6?
-ba
In base 2, what is 0 - 10000010111?
-10000010111
In base 2, what is 11111010100101 + -101?
11111010100000
In base 10, what is -43 - -319?
276
In base 2, what is 1111111010 - -100?
1111111110
In base 4, what is 2 + -2121?
-2113
In base 11, what is 84 - 1?
83
In base 5, what is 241 + -34?
202
In base 5, what is -10 + 300?
240
In base 6, what is -5 + -204?
-213
In base 16, what is a + 35?
3f
In base 16, what is 3d + 2?
3f
In base 5, what is -12442 + -1?
-12443
In base 14, what is -4 - 160?
-164
In base 13, what is -48 + -4?
-4c
In base 12, what is 3 - 2bb?
-2b8
In base 13, what is 20 - 7a?
-5a
In base 16, what is 16 - -4?
1a
In base 16, what is 0 - 90?
-90
In base 11, what is a3 + 0?
a3
In base 10, what is -18173 - -3?
-18170
In base 3, what is -12 - 1000101?
-1000120
In base 7, what is 445 - 15?
430
In base 12, what is 6 - -268?
272
In base 14, what is -82 + -5?
-87
In base 2, what is 11111 + -10011?
1100
In base 12, what is a5 + 0?
a5
In base 10, what is -10 + -127?
-137
In base 10, what is 6 - 221?
-215
In base 7, what is -1223 - -3?
-1220
In base 4, what is 2 + 232322?
232330
In base 3, what is 1110100 - 1?
1110022
In base 12, what is 0 - -3ba?
3ba
In base 15, what is 74 + 4?
78
In base 9, what is 5 - 17?
-12
In base 2, what is -101 + -1001111111?
-1010000100
In base 15, what is -e - 2?
-11
In base 10, what is -522 + 4?
-518
In base 9, what is 7 - 37?
-30
In base 4, what is -130 + 1?
-123
In base 6, what is -12 + -2?
-14
In base 10, what is -4244 - 3?
-4247
In base 6, what is -4320 - 3?
-4323
In base 7, what is -121130 + 4?
-121123
In base 12, what is 83 - a?
75
In base 3, what is -201100 + 10?
-201020
In base 14, what is -5 - 567?
-56c
In base 15, what is -10 + 1dc?
1cc
In base 10, what is 14665 + 5?
14670
In base 10, what is 2 - 941?
-939
In base 16, what is -2d3f - 0?
-2d3f
In base 10, what is 20 - 399?
-379
In base 10, what is -186 - -4?
-182
In base 8, what is 3 - -251?
254
In base 6, what is 0 - 105?
-105
In base 3, what is 0 + 0?
0
In base 8, what is -5 + 414?
407
In base 10, what is -3129 + -1?
-3130
In base 10, what is -8 - 24?
-32
In base 5, what is 1043 - -3?
1101
In base 8, what is -61 - -1?
-60
In base 10, what is -3 + 1180?
1177
In base 2, what is -1000 - 110011100111?
-110011101111
In base 10, what is -1 + 403?
402
In base 10, what is -398 + 2?
-396
In base 2, what is 100010001 - 11?
100001110
In base 10, what is -47 + -16?
-63
In base 4, what is -1000032 + -10?
-1000102
In base 9, what is -37 + 105?
57
In base 16, what is 5 + -4?
1
In base 12, what is 2 - -36?
38
In base 5, what is -10 - 104?
-114
In base 5, what is 43 - -43?
141
In base 6, what is 4 - -53?
101
In base 6, what is 4 + 3043?
3051
In base 5, what is -113 + -10?
-123
In base 7, what is 6365 - -3?
6401
In base 14, what is 2 + -55?
-53
In base 12, what is b2 + 71?
163
In base 7, what is 220 + 6?
226
In base 10, what is 11804 - 4?
11800
In base 8, what is -1 + 167?
166
In base 8, what is -1 + 3772?
3771
In base 5, what is 4 - 332?
-323
In base 6, what is -3 + 2101?
2054
In base 11, what is 11a3 + -9?
1195
In base 4, what is 30 + 1?
31
In base 6, what is -12452 + 4?
-12444
In base 6, what is -22 - -224?
202
In base 16, what is -3 + 3c?
39
In base 15, what is b2 - -8?
ba
In base 9, what is 685 + 5?
701
In base 2, what is -101101 - -111?
-100110
In base 4, what is 1013 - -133?
1212
In base 14, what is 0 + -114d?
-114d
In base 9, what is 4 + 168?
173
In base 13, what is 134b + 2?
1350
In base 4, what is -22 - 100333?
-101021
In base 2, what is -11 + 10100?
10001
In base 5, what is 4 + 13134?
13143
In base 10, what is 5 - 6?
-1
In base 15, what is -4 - -66?
62
In base 10, what is 9 + 24?
33
In base 2, what is 1 - -101010001?
101010010
In base 14, what is -138 + -6?
-140
In base 2, what is 10 - 100010001?
-100001111
In base 3, what is 210 + 222?
1202
In base 7, what is 10 + 266?
306
In base 12, what is -9 - -28?
1b
In base 12, what is 9b + 4?
a3
In base 6, what is 1333240 + 0?
1333240
In base 6, what is 1 - -134?
135
In base 3, what is 202 + 21210?
22112
In base 3, what is 200221 - -10?
201001
In base 11, what is 2 - 1854?
-1852
In base 4, what is 1030 - -1213?
2303
In base 6, what is 30011 - -1?
30012
In base 12, what is -7 + -4?
-b
In base 11, what is -5 - -596?
591
In base 16, what is -1b - -1c?
1
In base 15, what is -1c - a?
-27
In base 2, what is 10010000 + 10?
10010010
In base 3, what is -1201 + -1011?
-2212
In base 7, what is -1462 + 12?
-1450
In base 12, what is -173 - -33?
-140
In base 13, what is -4 + 1014?
1010
In base 3, what is -2 + 1010?
1001
In base 6, what is -4 - 1244?
-1252
In base 3, what is 12 - -102?
121
In base 9, what is 3 + 146?
150
In base 15, what is -76 + c?
-69
In base 2, what is -11 + -11000?
-11011
In base 3, what is -22 + 12?
-10
In base 2, what is -110111 - 100011?
-1011010
In base 8, what is 61 - 60?
1
In base 7, what is 36 + 66?
135
In base 5, what is 10 - -1314?
1324
In base 7, what is 32 + -456?
-424
In base 16, what is -6 + 49?
43
In base 6, what is -110 + 241?
131
In base 6, what is 3401 + 10?
3411
In base 12, what is -584 - 8?
-590
In base 12, what is -b0 + 5?
-a7
In base 12, what is -21aa - -2?
-21a8
In base 15, what is -8 + -3?
-b
In base 4, what is -3201 - 23?
-3230
In base 2, what is 10 - 101100?
-101010
In base 14, what is 2 - -2b?
2d
In base 14, what is -1c + -32b?
-349
In base 14, what is -145 + -3?
-148
In base 10, what is -4 + -118?
-122
In base 12, what is -751 + -9?
-75a
In base 10, what is 408 + -3?
405
In base 3, what is 22 + -20?
2
In base 9, what is 4 + 25?
30
In base 11, what is -1 + -174?
-175
In base 9, what is 1500 + -4?
1485
In base 2, what is 100 - 1101001010111?
-1101001010011
In base 6, what is -1 - -125?
124
In base 7, what is -42323 + -1?
-42324
In base 12, what is 162 - -5?
167
In base 9, what is 115 - 20?
85
In base 11, what is 9 - 5?
4
In base 15, what is -1 - -52e?
52d
In base 12, what is 0 + -53?
-53
In base 9, what is -12013 + -4?
-12017
In base 9, what is 3 + -154?
-151
In base 3, what is -1202 - 11?
-1220
In base 2, what is 11 + -1101000000?
-1100111101
In base 7, what is -4 - 12556?
-12563
In base 12, what is 7bb + 3?
802
In base 10, what is -12 - -1002?
990
In base 16, what is -1 - 4?
-5
In base 13, what is 23a + 3?
240
In base 11, what is -3 + -100?
-103
In base 5, what is 10 - -32?
42
In base 11, what is -11 - -145?
134
In base 13, what is -22c + -c?
-23b
In base 13, what is -3c + a?
-32
In base 16, what is 9d + 5?
a2
In base 16, what is 13 + 1?
14
In base 2, what is 1 + -1011010?
-1011001
In base 13, what is 3 + -13aa?
-13a7
In base 13, what is 1253 + 0?
1253
In base 14, what is 5 - -42c?
433
In base 16, what is 1565 - -1?
1566
In base 15, what is -5 - ac?
-b2
In base 11, what is -1 + -865?
-866
In base 11, what is -2 - -341?
33a
In base 6, what is 4 - -100?
104
In base 5,